is 223511 - -102?
223613
In base 4, what is -1310000332 - 333?
-1310001331
In base 13, what is -56 - 6b054?
-6b0aa
In base 13, what is -37407 - 842?
-37c49
In base 15, what is 608a + 2b7?
6352
In base 4, what is 3331 - -232100020?
232110011
In base 8, what is -71670 + 1005?
-70663
In base 14, what is 9664 - 43?
9621
In base 13, what is 5 - -243b816?
243b81b
In base 3, what is 2011 + 22002020101220?
22002020111001
In base 9, what is 6 - 4564523?
-4564516
In base 6, what is 1 + 45050000?
45050001
In base 11, what is 56aa2527 - 0?
56aa2527
In base 11, what is 1a1565 + 13?
1a1578
In base 10, what is -5 - -641551?
641546
In base 13, what is 48b + 48016?
484a4
In base 7, what is -54 - 2320041?
-2320125
In base 8, what is -3266 - 4173?
-7461
In base 8, what is 5006450 + -37?
5006411
In base 7, what is 42113 - 112420?
-40304
In base 11, what is -934118 + 7?
-934111
In base 6, what is -52322104 + 451?
-52321213
In base 10, what is -45 + -33996?
-34041
In base 4, what is 10 - -30131010020?
30131010030
In base 8, what is -17 + 35506276?
35506257
In base 16, what is -4c + -66dc3?
-66e0f
In base 5, what is -10300410123 - 2?
-10300410130
In base 3, what is -110 + 12002201100112?
12002201100002
In base 5, what is -12123113032 - 4?
-12123113041
In base 8, what is -24 - -673156?
673132
In base 11, what is 8 + -5a10518?
-5a10510
In base 16, what is -b8678c + 2?
-b8678a
In base 5, what is 3001 + 223212002?
223220003
In base 8, what is -3 + -527244165?
-527244170
In base 4, what is 12231102 - -20121211?
33012313
In base 10, what is -17851091 - 10?
-17851101
In base 4, what is 11001222 + -13130?
10322032
In base 2, what is 1100 + 1100111011101110000?
1100111011101111100
In base 7, what is -54540 - -20630?
-33610
In base 10, what is 5 - 95027544?
-95027539
In base 2, what is -1000010000101001000 + -101001?
-1000010000101110001
In base 6, what is -2045251543 - 1?
-2045251544
In base 9, what is 5003 - 26883?
-21880
In base 12, what is -5 + 182433?
18242a
In base 4, what is 1132032323 + 32?
1132033021
In base 6, what is -4224 + 11033415?
11025151
In base 2, what is -11 - -1000101001011100010011010?
1000101001011100010010111
In base 16, what is -cc7 - 39906?
-3a5cd
In base 11, what is -221810 + 4?
-221807
In base 15, what is b7 + 7b92?
7c59
In base 3, what is -110 + 2011222121021?
2011222120211
In base 13, what is -9a0195a + -5?
-9a01962
In base 5, what is -32143 + -140324?
-223022
In base 10, what is -54 + -298700?
-298754
In base 13, what is -1113 - -2a4a9?
29396
In base 10, what is 37591 + -92?
37499
In base 10, what is 103812 - -2547?
106359
In base 2, what is -100100 + -11101101100101111001011?
-11101101100101111101111
In base 9, what is -4 + 1465154?
1465150
In base 10, what is 29762 - -20?
29782
In base 13, what is -2673 - -b8?
-2588
In base 9, what is -67 - -28413?
28335
In base 2, what is -101110001010000111100 - -11011011?
-101110001001101100001
In base 12, what is -4294201 + -33?
-4294234
In base 5, what is -20 - -312330220?
312330200
In base 10, what is -152 + -24416?
-24568
In base 9, what is 58 - 4083257?
-4083188
In base 6, what is -3 + -144445200?
-144445203
In base 11, what is 132649694 - -3?
132649697
In base 11, what is -71620 + 3192?
-69439
In base 6, what is 0 - -3133340100?
3133340100
In base 8, what is 40465 - -26?
40513
In base 12, what is -435 - -807870?
807437
In base 15, what is 7a627 - -1?
7a628
In base 13, what is 18ab0 - -79?
18b59
In base 10, what is -402898 + 48?
-402850
In base 3, what is 110110011112 - 11012210?
110021221202
In base 3, what is -201212 + -11211100?
-12120012
In base 13, what is 32150a + -53?
321487
In base 14, what is 7 + 6b4d72?
6b4d79
In base 11, what is 5 - 10a5795?
-10a5790
In base 6, what is -52215123 + 21?
-52215102
In base 8, what is 3052 + -144037?
-140765
In base 7, what is 5 - 31162534?
-31162526
In base 3, what is -1120 - 221201211210?
-221201220100
In base 4, what is 2230 + 300033320?
300102210
In base 9, what is 14378874 - 0?
14378874
In base 9, what is -305730 - 3300?
-310130
In base 15, what is -2 + 38ba36d?
38ba36b
In base 12, what is 1719 + 1515?
3032
In base 7, what is -1146261 - -3?
-1146255
In base 2, what is 1000100100011111 + 100100001?
1000101001000000
In base 16, what is 9427c3 - -2?
9427c5
In base 4, what is -1120011 - -200302?
-313103
In base 15, what is 3db0 + 109?
3eb9
In base 16, what is 3a6 - 2727?
-2381
In base 14, what is -7b - 3c911b?
-3c9198
In base 5, what is -11210004 - 402?
-11210411
In base 15, what is 1a25 - 41?
19d4
In base 16, what is 2857b10 - 1?
2857b0f
In base 8, what is 777 - 4545?
-3546
In base 6, what is -134 - 24125?
-24303
In base 8, what is -1321753 - -3?
-1321750
In base 6, what is 10550 + -40104?
-25114
In base 7, what is -1322 + 5532?
4210
In base 5, what is 4411 - 311230414?
-311221003
In base 3, what is -122201001102210 + -11?
-122201001102221
In base 6, what is 120344 + -41512?
34432
In base 6, what is -101230520 - 2?
-101230522
In base 7, what is -61651222 + -15?
-61651240
In base 14, what is 11a5a - -69?
11ac5
In base 11, what is -9656a6 - 6?
-965701
In base 11, what is 1 - 640a41a?
-640a419
In base 13, what is -399 - -2a16?
264a
In base 13, what is -3a5 - 83a80?
-84155
In base 15, what is -247 - -15c55?
15a0d
In base 15, what is 895e2de + -1?
895e2dd
In base 5, what is 331 - 41410041?
-41404210
In base 5, what is -414332023 + -12?
-414332040
In base 8, what is -57771716 - 37?
-57771755
In base 11, what is -15782 + 2165?
-13618
In base 6, what is -121 - -24003102?
24002541
In base 12, what is -1703 - -3737?
2034
In base 10, what is -4893 + 10681?
5788
In base 6, what is -2 - -4200404341?
4200404335
In base 9, what is -17 - -2681565?
2681547
In base 10, what is -7 + 1751764?
1751757
In base 2, what is -11110011 + 11100111100101?
11100011110010
In base 10, what is -1 - 34932702?
-34932703
In base 13, what is -145 - 415c6?
-4173b
In base 5, what is 2012 - 10003423?
-10001411
In base 10, what is -1126 + 143957?
142831
In base 9, what is 43 + 7035217?
7035261
In base 3, what is -102121 - 212111211?
-212221102
In base 6, what is -14415412 - 100?
-14415512
In base 10, what is -1049 + 19522?
18473
In base 5, what is 242330 + -411213?
-113333
In base 11, what is -aa27 - -45a0?
-6437
In base 7, what is -1 + 1666215621?
1666215620
In base 12, what is 33 + -4842348?
-4842315
In base 8, what is 10516 + 5456?
16174
In base 14, what is -1b87 - d2?
-1c79
In base 10, what is -64635359 + 4?
-64635355
In base 3, what is -12102 + -2221100110020?
-2221100122122
In base 12, what is -384 - 6812?
-6b96
In base 6, what is 101 - -12354242?
12354343
In base 11, what is 5 - 148034404?
-1480343aa
In base 8, what is -664206255 + 0?
-664206255
In base 2, what is 1110000 - -11100011011110111000?
11100011100000101000
In base 6, what is -2020451 - 101?
-2020552
In base 13, what is -5 - -384a614?
384a60c
In base 7, what is -16452 - -20162?
410
In base 6, what is -1134122315 + -3?
-1134122322
In base 9, what is 176233846 - -2?
176233848
In base 9, what is 26834788 - 5?
26834783
In base 2, what is 100000110110000001110 - 1001?
100000110110000000101
In base 10, what is 4319132 - 33?
4319099
In base 8, what is -277 + -14400?
-14677
In base 13, what is -c87 + -65789?
-66743
In base 3, what is -11220210110 + 10210221?
-11202222112
In base 2, what is 1101001110000 + 10100111000110?
100010000110110
In base 6, what is 5122441 - 1505?
5120532
In base 10, what is -3816 + 352?
-3464
In base 5, what is 12 - -1433024341?
1433024403
In base 13, what is 3 + 73b21b9?
73b21bc
In base 16, what is -15acd - 1b?
-15ae8
In base 11, what is 34a52229 - 3?
34a52226
In base 6, what is 250131402141 - -4?
250131402145
In base 11, what is -21286 - 8389?
-29664
In base 15, what is -1c4b6a - -44?
-1c4b26
In base 3, what is -1 + -10121010210012122?
-10121010210012200
In base 8, what is -43 + -4166333?
-4166376
In base 4, what is -100231133 + -3130322?
-110022121
In base 6, what is -1435355 - -1440?
-1433515
In base 15, what is -d3 - -8260?
817c
In base 2, what is 1111110101011001010000 + 1000?
1111110101011001011000
In base 6, what is 1210250013 - -4?
1210250021
In base 12, what is 78753b5 - -a?
7875403
In base 7, what is 633522 - 2?
633520
In base 13, what is 7 - -6a80c2?
6a80c9
In base 5, what is -10102 - 1303?
-11410
In b